flight 162371 ovmf real [real]
http://logs.test-lab.xenproject.org/osstest/logs/162371/
Failures :-/ but no regressions.
Tests which did not succeed, but are not blocking:
test-amd64-i386-xl-qemuu-ovmf-amd64 12 debian-hvm-install fail starved in 162368
test-amd64-amd64-xl-qemuu-ovmf-amd64 12 debian-hvm-install fail starved in 162368
version targeted for testing:
ovmf 51adb689e1db695cffdeeacafad218768fbc018c
baseline version:
ovmf 924c2b847f0bc4325f6d14e562e2fb2d8acbc4d0
Last test of basis 162368 2021-06-04 15:42:59 Z 0 days
Testing same since 162371 2021-06-04 17:41:31 Z 0 days 1 attempts
------------------------------------------------------------
People who touched revisions under test:
Laszlo Ersek <lersek@redhat.com>
jobs:
build-amd64-xsm pass
build-i386-xsm pass
build-amd64 pass
build-i386 pass
build-amd64-libvirt pass
build-i386-libvirt pass
build-amd64-pvops pass
build-i386-pvops pass
test-amd64-amd64-xl-qemuu-ovmf-amd64 fail
test-amd64-i386-xl-qemuu-ovmf-amd64 fail
------------------------------------------------------------
sg-report-flight on osstest.test-lab.xenproject.org
logs: /home/logs/logs
images: /home/logs/images
Logs, config files, etc. are available at
http://logs.test-lab.xenproject.org/osstest/logs
Explanation of these reports, and of osstest in general, is at
http://xenbits.xen.org/gitweb/?p=osstest.git;a=blob;f=README.email;hb=master
http://xenbits.xen.org/gitweb/?p=osstest.git;a=blob;f=README;hb=master
Test harness code can be found at
http://xenbits.xen.org/gitweb?p=osstest.git;a=summary
Pushing revision :
To xenbits.xen.org:/home/xen/git/osstest/ovmf.git
924c2b847f..51adb689e1 51adb689e1db695cffdeeacafad218768fbc018c -> xen-tested-master
http://logs.test-lab.xenproject.org/osstest/logs/162371/
Failures :-/ but no regressions.
Tests which did not succeed, but are not blocking:
test-amd64-i386-xl-qemuu-ovmf-amd64 12 debian-hvm-install fail starved in 162368
test-amd64-amd64-xl-qemuu-ovmf-amd64 12 debian-hvm-install fail starved in 162368
version targeted for testing:
ovmf 51adb689e1db695cffdeeacafad218768fbc018c
baseline version:
ovmf 924c2b847f0bc4325f6d14e562e2fb2d8acbc4d0
Last test of basis 162368 2021-06-04 15:42:59 Z 0 days
Testing same since 162371 2021-06-04 17:41:31 Z 0 days 1 attempts
------------------------------------------------------------
People who touched revisions under test:
Laszlo Ersek <lersek@redhat.com>
jobs:
build-amd64-xsm pass
build-i386-xsm pass
build-amd64 pass
build-i386 pass
build-amd64-libvirt pass
build-i386-libvirt pass
build-amd64-pvops pass
build-i386-pvops pass
test-amd64-amd64-xl-qemuu-ovmf-amd64 fail
test-amd64-i386-xl-qemuu-ovmf-amd64 fail
------------------------------------------------------------
sg-report-flight on osstest.test-lab.xenproject.org
logs: /home/logs/logs
images: /home/logs/images
Logs, config files, etc. are available at
http://logs.test-lab.xenproject.org/osstest/logs
Explanation of these reports, and of osstest in general, is at
http://xenbits.xen.org/gitweb/?p=osstest.git;a=blob;f=README.email;hb=master
http://xenbits.xen.org/gitweb/?p=osstest.git;a=blob;f=README;hb=master
Test harness code can be found at
http://xenbits.xen.org/gitweb?p=osstest.git;a=summary
Pushing revision :
To xenbits.xen.org:/home/xen/git/osstest/ovmf.git
924c2b847f..51adb689e1 51adb689e1db695cffdeeacafad218768fbc018c -> xen-tested-master