flight 156108 xen-unstable-smoke real [real]
http://logs.test-lab.xenproject.org/osstest/logs/156108/
Failures :-/ but no regressions.
Tests which did not succeed, but are not blocking:
test-amd64-amd64-libvirt 15 migrate-support-check fail never pass
test-arm64-arm64-xl-xsm 15 migrate-support-check fail never pass
test-arm64-arm64-xl-xsm 16 saverestore-support-check fail never pass
test-armhf-armhf-xl 15 migrate-support-check fail never pass
test-armhf-armhf-xl 16 saverestore-support-check fail never pass
version targeted for testing:
xen 861f0c110976fa8879b7bf63d9478b6be83d4ab6
baseline version:
xen 3b49791e4cc2f38dd84bf331b75217adaef636e3
Last test of basis 156047 2020-10-20 21:00:31 Z 2 days
Testing same since 156108 2020-10-22 19:02:27 Z 0 days 1 attempts
------------------------------------------------------------
People who touched revisions under test:
Elliott Mitchell <ehem+xen@m5p.com>
Julien Grall <jgrall@amazon.com>
jobs:
build-arm64-xsm pass
build-amd64 pass
build-armhf pass
build-amd64-libvirt pass
test-armhf-armhf-xl pass
test-arm64-arm64-xl-xsm pass
test-amd64-amd64-xl-qemuu-debianhvm-amd64 pass
test-amd64-amd64-libvirt pass
------------------------------------------------------------
sg-report-flight on osstest.test-lab.xenproject.org
logs: /home/logs/logs
images: /home/logs/images
Logs, config files, etc. are available at
http://logs.test-lab.xenproject.org/osstest/logs
Explanation of these reports, and of osstest in general, is at
http://xenbits.xen.org/gitweb/?p=osstest.git;a=blob;f=README.email;hb=master
http://xenbits.xen.org/gitweb/?p=osstest.git;a=blob;f=README;hb=master
Test harness code can be found at
http://xenbits.xen.org/gitweb?p=osstest.git;a=summary
Pushing revision :
To xenbits.xen.org:/home/xen/git/xen.git
3b49791e4c..861f0c1109 861f0c110976fa8879b7bf63d9478b6be83d4ab6 -> smoke
http://logs.test-lab.xenproject.org/osstest/logs/156108/
Failures :-/ but no regressions.
Tests which did not succeed, but are not blocking:
test-amd64-amd64-libvirt 15 migrate-support-check fail never pass
test-arm64-arm64-xl-xsm 15 migrate-support-check fail never pass
test-arm64-arm64-xl-xsm 16 saverestore-support-check fail never pass
test-armhf-armhf-xl 15 migrate-support-check fail never pass
test-armhf-armhf-xl 16 saverestore-support-check fail never pass
version targeted for testing:
xen 861f0c110976fa8879b7bf63d9478b6be83d4ab6
baseline version:
xen 3b49791e4cc2f38dd84bf331b75217adaef636e3
Last test of basis 156047 2020-10-20 21:00:31 Z 2 days
Testing same since 156108 2020-10-22 19:02:27 Z 0 days 1 attempts
------------------------------------------------------------
People who touched revisions under test:
Elliott Mitchell <ehem+xen@m5p.com>
Julien Grall <jgrall@amazon.com>
jobs:
build-arm64-xsm pass
build-amd64 pass
build-armhf pass
build-amd64-libvirt pass
test-armhf-armhf-xl pass
test-arm64-arm64-xl-xsm pass
test-amd64-amd64-xl-qemuu-debianhvm-amd64 pass
test-amd64-amd64-libvirt pass
------------------------------------------------------------
sg-report-flight on osstest.test-lab.xenproject.org
logs: /home/logs/logs
images: /home/logs/images
Logs, config files, etc. are available at
http://logs.test-lab.xenproject.org/osstest/logs
Explanation of these reports, and of osstest in general, is at
http://xenbits.xen.org/gitweb/?p=osstest.git;a=blob;f=README.email;hb=master
http://xenbits.xen.org/gitweb/?p=osstest.git;a=blob;f=README;hb=master
Test harness code can be found at
http://xenbits.xen.org/gitweb?p=osstest.git;a=summary
Pushing revision :
To xenbits.xen.org:/home/xen/git/xen.git
3b49791e4c..861f0c1109 861f0c110976fa8879b7bf63d9478b6be83d4ab6 -> smoke