flight 156018 xen-unstable-smoke real [real]
http://logs.test-lab.xenproject.org/osstest/logs/156018/
Failures :-/ but no regressions.
Tests which did not succeed, but are not blocking:
test-amd64-amd64-libvirt 15 migrate-support-check fail never pass
test-arm64-arm64-xl-xsm 15 migrate-support-check fail never pass
test-arm64-arm64-xl-xsm 16 saverestore-support-check fail never pass
test-armhf-armhf-xl 15 migrate-support-check fail never pass
test-armhf-armhf-xl 16 saverestore-support-check fail never pass
version targeted for testing:
xen a7f0831e58bf4681d710e9a029644b6fa07b7cb0
baseline version:
xen 0dfddb2116e3757f77a691a3fe335173088d69dc
Last test of basis 155900 2020-10-16 15:04:05 Z 3 days
Testing same since 156018 2020-10-20 07:00:28 Z 0 days 1 attempts
------------------------------------------------------------
People who touched revisions under test:
Andrew Cooper <andrew.cooper3@citrix.com>
Igor Druzhinin <igor.druzhinin@citrix.com>
Jan Beulich <jbeulich@suse.com>
Roger Pau Monné <roger.pau@citrix.com>
Wei Liu <wl@xen.org>
jobs:
build-arm64-xsm pass
build-amd64 pass
build-armhf pass
build-amd64-libvirt pass
test-armhf-armhf-xl pass
test-arm64-arm64-xl-xsm pass
test-amd64-amd64-xl-qemuu-debianhvm-amd64 pass
test-amd64-amd64-libvirt pass
------------------------------------------------------------
sg-report-flight on osstest.test-lab.xenproject.org
logs: /home/logs/logs
images: /home/logs/images
Logs, config files, etc. are available at
http://logs.test-lab.xenproject.org/osstest/logs
Explanation of these reports, and of osstest in general, is at
http://xenbits.xen.org/gitweb/?p=osstest.git;a=blob;f=README.email;hb=master
http://xenbits.xen.org/gitweb/?p=osstest.git;a=blob;f=README;hb=master
Test harness code can be found at
http://xenbits.xen.org/gitweb?p=osstest.git;a=summary
Pushing revision :
To xenbits.xen.org:/home/xen/git/xen.git
0dfddb2116..a7f0831e58 a7f0831e58bf4681d710e9a029644b6fa07b7cb0 -> smoke
http://logs.test-lab.xenproject.org/osstest/logs/156018/
Failures :-/ but no regressions.
Tests which did not succeed, but are not blocking:
test-amd64-amd64-libvirt 15 migrate-support-check fail never pass
test-arm64-arm64-xl-xsm 15 migrate-support-check fail never pass
test-arm64-arm64-xl-xsm 16 saverestore-support-check fail never pass
test-armhf-armhf-xl 15 migrate-support-check fail never pass
test-armhf-armhf-xl 16 saverestore-support-check fail never pass
version targeted for testing:
xen a7f0831e58bf4681d710e9a029644b6fa07b7cb0
baseline version:
xen 0dfddb2116e3757f77a691a3fe335173088d69dc
Last test of basis 155900 2020-10-16 15:04:05 Z 3 days
Testing same since 156018 2020-10-20 07:00:28 Z 0 days 1 attempts
------------------------------------------------------------
People who touched revisions under test:
Andrew Cooper <andrew.cooper3@citrix.com>
Igor Druzhinin <igor.druzhinin@citrix.com>
Jan Beulich <jbeulich@suse.com>
Roger Pau Monné <roger.pau@citrix.com>
Wei Liu <wl@xen.org>
jobs:
build-arm64-xsm pass
build-amd64 pass
build-armhf pass
build-amd64-libvirt pass
test-armhf-armhf-xl pass
test-arm64-arm64-xl-xsm pass
test-amd64-amd64-xl-qemuu-debianhvm-amd64 pass
test-amd64-amd64-libvirt pass
------------------------------------------------------------
sg-report-flight on osstest.test-lab.xenproject.org
logs: /home/logs/logs
images: /home/logs/images
Logs, config files, etc. are available at
http://logs.test-lab.xenproject.org/osstest/logs
Explanation of these reports, and of osstest in general, is at
http://xenbits.xen.org/gitweb/?p=osstest.git;a=blob;f=README.email;hb=master
http://xenbits.xen.org/gitweb/?p=osstest.git;a=blob;f=README;hb=master
Test harness code can be found at
http://xenbits.xen.org/gitweb?p=osstest.git;a=summary
Pushing revision :
To xenbits.xen.org:/home/xen/git/xen.git
0dfddb2116..a7f0831e58 a7f0831e58bf4681d710e9a029644b6fa07b7cb0 -> smoke