flight 144469 xen-unstable-smoke real [real]
http://logs.test-lab.xenproject.org/osstest/logs/144469/
Failures :-/ but no regressions.
Tests which did not succeed, but are not blocking:
test-amd64-amd64-libvirt 13 migrate-support-check fail never pass
test-arm64-arm64-xl-xsm 13 migrate-support-check fail never pass
test-arm64-arm64-xl-xsm 14 saverestore-support-check fail never pass
test-armhf-armhf-xl 13 migrate-support-check fail never pass
test-armhf-armhf-xl 14 saverestore-support-check fail never pass
version targeted for testing:
xen 0022387cefc6ced6d2062ffaee7285405aa4d444
baseline version:
xen f2ae59bc4b9b5c3f12de86aa42cdf413d2c3ffbf
Last test of basis 144400 2019-11-29 22:01:06 Z 2 days
Testing same since 144469 2019-12-01 23:00:30 Z 0 days 1 attempts
------------------------------------------------------------
People who touched revisions under test:
Jenish Rakholiya <rjenish@cmu.edu>
Julian Tuminaro <jtuminar@andrew.cmu.edu>
Julian Tuminaro <julian.tuminaro@gmail.com>
Tim Deegan <tim@xen.org>
jobs:
build-arm64-xsm pass
build-amd64 pass
build-armhf pass
build-amd64-libvirt pass
test-armhf-armhf-xl pass
test-arm64-arm64-xl-xsm pass
test-amd64-amd64-xl-qemuu-debianhvm-amd64 pass
test-amd64-amd64-libvirt pass
------------------------------------------------------------
sg-report-flight on osstest.test-lab.xenproject.org
logs: /home/logs/logs
images: /home/logs/images
Logs, config files, etc. are available at
http://logs.test-lab.xenproject.org/osstest/logs
Explanation of these reports, and of osstest in general, is at
http://xenbits.xen.org/gitweb/?p=osstest.git;a=blob;f=README.email;hb=master
http://xenbits.xen.org/gitweb/?p=osstest.git;a=blob;f=README;hb=master
Test harness code can be found at
http://xenbits.xen.org/gitweb?p=osstest.git;a=summary
Pushing revision :
To xenbits.xen.org:/home/xen/git/xen.git
f2ae59bc4b..0022387cef 0022387cefc6ced6d2062ffaee7285405aa4d444 -> smoke
_______________________________________________
Xen-devel mailing list
Xen-devel@lists.xenproject.org
https://lists.xenproject.org/mailman/listinfo/xen-devel
http://logs.test-lab.xenproject.org/osstest/logs/144469/
Failures :-/ but no regressions.
Tests which did not succeed, but are not blocking:
test-amd64-amd64-libvirt 13 migrate-support-check fail never pass
test-arm64-arm64-xl-xsm 13 migrate-support-check fail never pass
test-arm64-arm64-xl-xsm 14 saverestore-support-check fail never pass
test-armhf-armhf-xl 13 migrate-support-check fail never pass
test-armhf-armhf-xl 14 saverestore-support-check fail never pass
version targeted for testing:
xen 0022387cefc6ced6d2062ffaee7285405aa4d444
baseline version:
xen f2ae59bc4b9b5c3f12de86aa42cdf413d2c3ffbf
Last test of basis 144400 2019-11-29 22:01:06 Z 2 days
Testing same since 144469 2019-12-01 23:00:30 Z 0 days 1 attempts
------------------------------------------------------------
People who touched revisions under test:
Jenish Rakholiya <rjenish@cmu.edu>
Julian Tuminaro <jtuminar@andrew.cmu.edu>
Julian Tuminaro <julian.tuminaro@gmail.com>
Tim Deegan <tim@xen.org>
jobs:
build-arm64-xsm pass
build-amd64 pass
build-armhf pass
build-amd64-libvirt pass
test-armhf-armhf-xl pass
test-arm64-arm64-xl-xsm pass
test-amd64-amd64-xl-qemuu-debianhvm-amd64 pass
test-amd64-amd64-libvirt pass
------------------------------------------------------------
sg-report-flight on osstest.test-lab.xenproject.org
logs: /home/logs/logs
images: /home/logs/images
Logs, config files, etc. are available at
http://logs.test-lab.xenproject.org/osstest/logs
Explanation of these reports, and of osstest in general, is at
http://xenbits.xen.org/gitweb/?p=osstest.git;a=blob;f=README.email;hb=master
http://xenbits.xen.org/gitweb/?p=osstest.git;a=blob;f=README;hb=master
Test harness code can be found at
http://xenbits.xen.org/gitweb?p=osstest.git;a=summary
Pushing revision :
To xenbits.xen.org:/home/xen/git/xen.git
f2ae59bc4b..0022387cef 0022387cefc6ced6d2062ffaee7285405aa4d444 -> smoke
_______________________________________________
Xen-devel mailing list
Xen-devel@lists.xenproject.org
https://lists.xenproject.org/mailman/listinfo/xen-devel